25598*i - 16102388. What is w(-4)?
4
Let o(p) = 51866*p - 15611677. Give o(301).
-11
Let g(i) = 2*i**3 - 330*i**2 + 358*i - 4927. Determine g(164).
-7
Let g(n) = n**2 + 59*n - 13268. Give g(-149).
142
Let p(v) = -3*v**2 - 7167*v + 403386. Determine p(55).
126
Let n(u) = u**2 + 1300*u + 73088. Determine n(-59).
-131
Let q(v) = v**3 + 46*v**2 - 1621*v + 787. What is q(23)?
5
Let l(r) = -3*r**3 + 36*r**2 + 42*r - 53. Give l(13).
-14
Let o(z) = -34*z**3 - 683*z**2 + 2367*z + 48545. What is o(-20)?
5
Let m(c) = -1098*c + 41175. Calculate m(38).
-549
Let b(p) = -4934*p**2 + 251640*p - 312. Determine b(51).
-6
Let m(w) = 2*w**3 - 57*w**2 + 126*w - 133. What is m(26)?
-237
Let m(z) = 5*z**2 + 28*z - 271. What is m(10)?
509
Let q(o) = 15923*o**2 + 47745*o - 17. What is q(-3)?
55
Let y(c) = -3*c**2 - 41988*c + 293939. Calculate y(7).
-124
Let y(t) = -9*t**2 - 1215*t - 9949. Determine y(-126).
257
Let p(g) = -g**3 + 110*g**2 - 2579*g - 4528. Determine p(37).
-14
Let v(g) = 377*g**2 + 16989*g + 1002. What is v(-45)?
-78
Let m(z) = -735*z - 44810. Give m(-61).
25
Let r(f) = 5336*f - 485582. Calculate r(91).
-6
Let d(f) = f**3 - 150*f**2 + 60*f - 31864. Give d(151).
-3
Let j(l) = -11*l**2 + 9823*l - 19644. Give j(2).
-42
Let u(q) = -3*q**2 + 26*q + 810. What is u(-14)?
-142
Let a(c) = -c**3 + 32*c**2 - 213*c + 6725. Determine a(32).
-91
Let g(s) = -4415*s - 17624. Determine g(-4).
36
Let r(g) = -14*g**2 - 321*g - 172. What is r(-23)?
-195
Let h(p) = 4462*p + 249905. Calculate h(-56).
33
Let f(k) = 10*k**2 + 85015*k - 85017. Give f(1).
8
Let a(h) = -h**3 - 23*h**2 - 159*h - 2559. Give a(-21).
-102
Let t(s) = -19276*s - 597568. Determine t(-31).
-12
Let z(k) = -1767*k**2 + 164309*k + 2044. Give z(93).
-2
Let f(o) = -10189*o + 71318. Give f(7).
-5
Let s(q) = -q**3 - 44*q**2 - 194*q - 613. Calculate s(-39).
-652
Let s(n) = 14545*n + 203639. Determine s(-14).
9
Let n(y) = -2*y**2 - 304*y - 10217. Give n(-50).
-17
Let z(x) = -14*x**2 - 160*x - 20. What is z(-8)?
364
Let p(h) = -6*h**2 + 105*h - 153. Calculate p(19).
-324
Let u(z) = 13855*z - 734287. Give u(53).
28
Let h(m) = -2*m**3 + 101*m**2 - 103*m - 10249. What is h(47)?
373
Let j(m) = -3*m**2 - 139*m - 1161. Determine j(-35).
29
Let t(f) = 2*f**2 + 1127*f + 117670. What is t(-138)?
232
Let q(z) = -1761*z**2 + 102134*z + 240. What is q(58)?
8
Let w(c) = 4*c**2 - 186*c + 1181. Give w(39).
11
Let r(c) = -15437*c - 30866. What is r(-2)?
8
Let t(k) = -k**2 - 28214*k - 1183219. What is t(-42)?
5
Let l(f) = -16*f**3 + 241*f**2 + 657*f - 10072. Give l(15).
8
Let w(a) = 2*a**3 + 18*a**2 - 193*a + 355. What is w(5)?
90
Let x(i) = -2*i**3 - 5*i**2 + 30*i + 91. Calculate x(4).
3
Let b(v) = -1134*v + 95333. Calculate b(84).
77
Let n(k) = 8*k**3 + 111*k**2 + 692*k - 39. Calculate n(-6).
-1923
Let l(z) = -308*z - 4123. Calculate l(-17).
1113
Let p(t) = -58*t - 6571. Give p(-112).
-75
Let m(g) = -3*g**3 + 169*g**2 - 2143*g + 7312. What is m(40)?
-8
Let p(x) = -x**3 + 2*x**2 + 638*x - 4608. What is p(8)?
112
Let y(j) = 7*j**2 - 4850*j + 29131. Give y(6).
283
Let d(b) = -b**2 - 12057*b + 265749. Give d(22).
11
Let k(w) = -4*w**2 - 597*w + 1697. What is k(-152)?
25
Let w(u) = -17*u**3 - 2463*u**2 + 260*u - 372. Determine w(-145).
3978
Let o(z) = -z**3 + 19*z**2 - 92*z + 628. Give o(16).
-76
Let m(y) = 16*y**2 - 3776*y - 21. What is m(236)?
-21
Let k(z) = 1575*z - 173239. Determine k(110).
11
Let k(g) = g**3 + 44*g**2 + 470*g + 2075. Determine k(-31).
-2
Let u(a) = -17642*a + 405769. Determine u(23).
3
Let a(r) = -26*r**2 + 2479*r - 579. Calculate a(95).
276
Let z(m) = 3*m**3 + 16*m**2 - 1494*m - 510. Determine z(-25).
-35
Let u(s) = -73507*s - 7644712. Determine u(-104).
16
Let d(x) = x**3 - 114*x**2 + 3199*x - 388. What is d(64)?
-452
Let k(l) = -171*l**2 + 10771*l + 468. Determine k(63).
342
Let o(r) = 3*r**2 - 132*r - 404. Determine o(47).
19
Let g(i) = -i**3 - 7077*i - 14154. Determine g(-2).
8
Let z(f) = f**3 + 37*f**2 + 231*f + 4. Calculate z(-7).
-143
Let c(p) = -2*p**3 - 37*p**2 - 20*p + 1605. Give c(-11).
10
Let g(p) = -p**2 - 34148*p - 2351482. Give g(-69).
-31
Let w(q) = q**3 + 15*q**2 + 393*q + 5196. Calculate w(-14).
-110
Let n(m) = 445*m + 71475. Determine n(-161).
-170
Let c(p) = 208134*p + 3538270. What is c(-17)?
-8
Let c(u) = -u**3 - 30*u**2 - 289*u - 1276. Give c(-18).
38
Let i(v) = 2670*v + 21382. Determine i(-8).
22
Let x(f) = 38069*f + 1294382. Calculate x(-34).
36
Let b(h) = -565*h + 34309. Calculate b(61).
-156
Let y(o) = -5555*o + 438853. Determine y(79).
8
Let c(q) = 9330*q - 1959284. Calculate c(210).
16
Let d(q) = -285*q - 5307. Determine d(-7).
-3312
Let t(f) = -3*f**3 - 14*f**2 - 9*f - 144. What is t(-6)?
54
Let a(k) = -62*k + 4929. Determine a(76).
217
Let q(z) = 13601*z + 4746748. Calculate q(-349).
-1
Let g(p) = 11642*p - 151514. Determine g(13).
-168
Let d(i) = -206247*i - 5. Calculate d(0).
-5
Let j(y) = 124*y**2 + 956*y - 2. Give j(-5).
-1682
Let x(j) = 42*j + 3099. Give x(-44).
1251
Let l(a) = 153615*a + 2457884. Give l(-16).
44
Let i(m) = m**3 - 427*m**2 - 10*m + 4899. What is i(427)?
629
Let y(n) = -670*n - 12971. Determine y(-16).
-2251
Let z(c) = 3*c**3 + 65*c**2 + 122*c. What is z(-2)?
-8
Let a(o) = 4228*o - 21135. Give a(5).
5
Let f(v) = v**3 + 19*v**2 - 715*v - 90. Calculate f(19).
43
Let j(n) = -3*n**2 - 320*n + 2516. Calculate j(9).
-607
Let l(u) = -21*u**2 + 2268*u - 592. Calculate l(108).
-592
Let h(t) = 15*t**3 + 16*t**2 + 33*t + 143. Determine h(-4).
-693
Let b(c) = 390*c + 39663. Calculate b(-100).
663
Let d(u) = -u**3 + 25*u**2 + 2925*u - 174. What is d(68)?
-106
Let a(v) = 11*v**2 - 433*v - 156. Calculate a(39).
-312
Let t(w) = 13924*w - 14. Determine t(0).
-14
Let k(v) = v**2 - 265*v + 8680. Give k(40).
-320
Let a(s) = -2306*s + 260573. Calculate a(113).
-5
Let w(c) = 2*c**2 - 1610*c + 15939. What is w(10)?
39
Let m(g) = 13*g**2 - 2275*g + 4061. Give m(173).
-437
Let c(b) = -b**3 - 429*b**2 + 1167*b - 55248. What is c(-432)?
480
Let j(b) = -b**2 + 586*b + 116805. What is j(-157)?
154
Let c(p) = -10581*p + 127036. Give c(12).
64
Let k(c) = -5*c**2 + 475*c + 170180. What is k(-143)?
10
Let c(l) = -7402*l + 161. Determine c(0).
161
Let b(d) = -257349*d + 11838043. What is b(46)?
-11
Let k(u) = -u**2 + 131*u + 982. What is k(-9)?
-278
Let r(t) = t**2 + 7891*t + 3626513. What is r(-490)?
23
Let n(k) = -k**3 + 39*k**2 + 181*k - 2315. What is n(42)?
-5
Let j(t) = -2*t**2 + 183*t - 1497. What is j(85)?
-392
Let s(h) = -2*h**2 - 291*h - 8183. Determine s(-108).
-83
Let q(d) = d**3 - 8*d**2 - 80*d + 652. Calculate q(6).
100
Let k(n) = 6*n**2 - 5847*n + 23265. Give k(4).
-27
Let r(j) = -615*j**2 - 152519*j + 218. What is r(-248)?
-30
Let n(h) = -h**2 - 53*h + 2844. Determine n(-83).
354
Let w(g) = g**2 - 198*g + 9178. Calculate w(86).
-454
Let s(m) = -4420*m - 8796. Calculate s(-2).
44
Let c(m) = m**2 + 117*m - 2799. Calculate c(-129).
-1251
Let d(v) = -v**3 - 34*v**2 + 1788*v - 7842. What is d(25)?
-17
Let r(m) = -3420*m + 13212. Determine r(4).
-468
Let h(s) = 1523*s + 15249. Give h(-10).
19
Let n(h) = -1803*h + 16791. What is n(9)?
564
Let d(q) = q**3 - 664*q**2 - 1227*q - 69923. Give d(666).
7
Let n(b) = -b**3 - 154*b**2 + 970*b - 1174. What is n(-160)?
-2774
Let j(v) = -5*v**2 - 103*v - 141. Calculate j(-18).
93
Let l(r) = -4874*r - 287565. Calculate l(-59).
1
Let w(d) = 32023*d - 8165843. Determine w(255).
22
Let i(f) = -921*f + 77385. Give i(84).
21
Let c(a) = 63*a + 5631. Calculate c(-76).
843
Let j(a) = -4*a**2 + 1135*a - 3404. Determine j(3).
-35
Let n(a) = a**3 - 18*a**2 + 76*a + 6. Calculate n(6).
30
Let j(f) = f**3 + 232*f**2 - 1005*f - 14369. Determine j(-236).
27
Let r(h) = 68*h**3 - 30260*h**2 + 88*h - 39158. What is r(445)?
2
Let n(f) = 306*f**2 + 23869*f - 189. Determine n(-78).
-267
Let j(n) = 332*n + 12484. What is j(-38)?
-132
Let c(q) = -95*q**2 + 3360*q - 1245. What is c(35)?
-20
Let m(d) = 7*d**3 + 45*d**2 - 421*d - 97. Give m(8).
2999
Let w(z) = -182*z + 5271. What is w(29)?
-7
Let u(d) = -2386*d - 31082. Give u(-13).
-64
Let k(a) = 286*a**2 - 1735*a + 57. Give k(6).
-57
Let i(b) = -265*b**2 - 271*b - 270. What is i(-1)?
-264
Let o(t) = 190992*t - 954943. Calculate o(5).
17
Let w(t) = 38*t**2 - 2689*t - 633. What is w(71)?
6
Let z(a) = a**3 - 65*a**2 - 20